{"id":6740,"date":"2026-04-27T20:23:53","date_gmt":"2026-04-27T18:23:53","guid":{"rendered":"https:\/\/www.nl-images.com\/presentation\/?page_id=6740"},"modified":"2026-04-29T22:17:58","modified_gmt":"2026-04-29T20:17:58","slug":"15eme-grand-prix-de-monaco-historique","status":"publish","type":"page","link":"https:\/\/www.nl-images.com\/presentation\/index.php\/15eme-grand-prix-de-monaco-historique\/","title":{"rendered":"15\u00e8me Grand Prix de Monaco Historique"},"content":{"rendered":"\n<p>Retrouvez toute mes photos, class\u00e9es par reportage. (s&#8217;en incr\u00e9mentent petit \u00e0 petit)<\/p>\n\n\n\n<figure class=\"wp-block-image size-large\"><img loading=\"lazy\" decoding=\"async\" width=\"1024\" height=\"682\" src=\"https:\/\/www.nl-images.com\/presentation\/wp-content\/uploads\/2026\/04\/c-nicolas-lerooy-nlimages-gphm26-F512-Ickx-20-1024x682.jpg\" alt=\"\" class=\"wp-image-6741\" srcset=\"https:\/\/www.nl-images.com\/presentation\/wp-content\/uploads\/2026\/04\/c-nicolas-lerooy-nlimages-gphm26-F512-Ickx-20-1024x682.jpg 1024w, https:\/\/www.nl-images.com\/presentation\/wp-content\/uploads\/2026\/04\/c-nicolas-lerooy-nlimages-gphm26-F512-Ickx-20-300x200.jpg 300w, https:\/\/www.nl-images.com\/presentation\/wp-content\/uploads\/2026\/04\/c-nicolas-lerooy-nlimages-gphm26-F512-Ickx-20-768x512.jpg 768w, https:\/\/www.nl-images.com\/presentation\/wp-content\/uploads\/2026\/04\/c-nicolas-lerooy-nlimages-gphm26-F512-Ickx-20-1536x1024.jpg 1536w, https:\/\/www.nl-images.com\/presentation\/wp-content\/uploads\/2026\/04\/c-nicolas-lerooy-nlimages-gphm26-F512-Ickx-20-1194x796.jpg 1194w, https:\/\/www.nl-images.com\/presentation\/wp-content\/uploads\/2026\/04\/c-nicolas-lerooy-nlimages-gphm26-F512-Ickx-20-582x388.jpg 582w, https:\/\/www.nl-images.com\/presentation\/wp-content\/uploads\/2026\/04\/c-nicolas-lerooy-nlimages-gphm26-F512-Ickx-20-378x252.jpg 378w, https:\/\/www.nl-images.com\/presentation\/wp-content\/uploads\/2026\/04\/c-nicolas-lerooy-nlimages-gphm26-F512-Ickx-20-276x184.jpg 276w, https:\/\/www.nl-images.com\/presentation\/wp-content\/uploads\/2026\/04\/c-nicolas-lerooy-nlimages-gphm26-F512-Ickx-20-675x450.jpg 675w, https:\/\/www.nl-images.com\/presentation\/wp-content\/uploads\/2026\/04\/c-nicolas-lerooy-nlimages-gphm26-F512-Ickx-20-1320x880.jpg 1320w, https:\/\/www.nl-images.com\/presentation\/wp-content\/uploads\/2026\/04\/c-nicolas-lerooy-nlimages-gphm26-F512-Ickx-20.jpg 2000w\" sizes=\"auto, (max-width: 1024px) 100vw, 1024px\" \/><\/figure>\n\n\n\n<h2 class=\"wp-block-heading\">1\/ <a href=\"https:\/\/www.nl-images.com\/presentation\/index.php\/15eme-gp-de-monaco-historique\/\">Un formidable moment avec Jacky ICKX<\/a><\/h2>\n\n\n\n<h2 class=\"wp-block-heading\"><a href=\"https:\/\/www.nl-images.com\/presentation\/index.php\/15eme-gp-de-monaco-historique-2\/\">2\/ Jean Alesi et la mal\u00e9diction Ferrari<\/a><\/h2>\n\n\n\n<h2 class=\"wp-block-heading\"><a href=\"https:\/\/www.nl-images.com\/presentation\/index.php\/15-gp-de-monaco-historique\/\">3\/ \/ S\u00e9rie B &#8211; Graham Hill : F2 et F1 de 1956 \u00e0 1965<\/a><\/h2>\n\n\n\n<p>La suite arrive petit \u00e0 petit \ud83d\ude42 (merci de votre patience)<\/p>\n\n\n\n<p><\/p>\n","protected":false},"excerpt":{"rendered":"<p>Retrouvez toute mes photos, class\u00e9es par reportage. (s&#8217;en incr\u00e9mentent petit \u00e0 petit) 1\/ Un formidable moment avec Jacky ICKX 2\/ Jean Alesi et la mal\u00e9diction Ferrari 3\/ \/ S\u00e9rie B &#8211; Graham Hill : F2 et F1 de 1956 \u00e0 1965 La suite arrive petit \u00e0 petit \ud83d\ude42 (merci de votre patience)<\/p>\n","protected":false},"author":1,"featured_media":0,"parent":0,"menu_order":0,"comment_status":"closed","ping_status":"closed","template":"","meta":{"pgc_sgb_lightbox_settings":"","footnotes":""},"class_list":["post-6740","page","type-page","status-publish","hentry"],"yoast_head":"<!-- This site is optimized with the Yoast SEO plugin v21.4 - https:\/\/yoast.com\/wordpress\/plugins\/seo\/ -->\n<title>15\u00e8me Grand Prix de Monaco Historique - Nicolas LEROOY Photographies<\/title>\n<meta name=\"robots\" content=\"index, follow, max-snippet:-1, max-image-preview:large, max-video-preview:-1\" \/>\n<link rel=\"canonical\" href=\"https:\/\/www.nl-images.com\/presentation\/index.php\/15eme-grand-prix-de-monaco-historique\/\" \/>\n<meta property=\"og:locale\" content=\"fr_FR\" \/>\n<meta property=\"og:type\" content=\"article\" \/>\n<meta property=\"og:title\" content=\"15\u00e8me Grand Prix de Monaco Historique - Nicolas LEROOY Photographies\" \/>\n<meta property=\"og:description\" content=\"Retrouvez toute mes photos, class\u00e9es par reportage. (s&#8217;en incr\u00e9mentent petit \u00e0 petit) 1\/ Un formidable moment avec Jacky ICKX 2\/ Jean Alesi et la mal\u00e9diction Ferrari 3\/ \/ S\u00e9rie B &#8211; Graham Hill : F2 et F1 de 1956 \u00e0 1965 La suite arrive petit \u00e0 petit \ud83d\ude42 (merci de votre patience)\" \/>\n<meta property=\"og:url\" content=\"https:\/\/www.nl-images.com\/presentation\/index.php\/15eme-grand-prix-de-monaco-historique\/\" \/>\n<meta property=\"og:site_name\" content=\"Nicolas LEROOY Photographies\" \/>\n<meta property=\"article:publisher\" content=\"https:\/\/www.facebook.com\/racerelive\" \/>\n<meta property=\"article:modified_time\" content=\"2026-04-29T20:17:58+00:00\" \/>\n<meta property=\"og:image\" content=\"https:\/\/www.nl-images.com\/presentation\/wp-content\/uploads\/2026\/04\/c-nicolas-lerooy-nlimages-gphm26-F512-Ickx-20-1024x682.jpg\" \/>\n<meta name=\"twitter:card\" content=\"summary_large_image\" \/>\n<meta name=\"twitter:label1\" content=\"Dur\u00e9e de lecture estim\u00e9e\" \/>\n\t<meta name=\"twitter:data1\" content=\"1 minute\" \/>\n<script type=\"application\/ld+json\" class=\"yoast-schema-graph\">{\"@context\":\"https:\/\/schema.org\",\"@graph\":[{\"@type\":\"WebPage\",\"@id\":\"https:\/\/www.nl-images.com\/presentation\/index.php\/15eme-grand-prix-de-monaco-historique\/\",\"url\":\"https:\/\/www.nl-images.com\/presentation\/index.php\/15eme-grand-prix-de-monaco-historique\/\",\"name\":\"15\u00e8me Grand Prix de Monaco Historique - Nicolas LEROOY Photographies\",\"isPartOf\":{\"@id\":\"https:\/\/www.nl-images.com\/presentation\/#website\"},\"datePublished\":\"2026-04-27T18:23:53+00:00\",\"dateModified\":\"2026-04-29T20:17:58+00:00\",\"breadcrumb\":{\"@id\":\"https:\/\/www.nl-images.com\/presentation\/index.php\/15eme-grand-prix-de-monaco-historique\/#breadcrumb\"},\"inLanguage\":\"fr-FR\",\"potentialAction\":[{\"@type\":\"ReadAction\",\"target\":[\"https:\/\/www.nl-images.com\/presentation\/index.php\/15eme-grand-prix-de-monaco-historique\/\"]}]},{\"@type\":\"BreadcrumbList\",\"@id\":\"https:\/\/www.nl-images.com\/presentation\/index.php\/15eme-grand-prix-de-monaco-historique\/#breadcrumb\",\"itemListElement\":[{\"@type\":\"ListItem\",\"position\":1,\"name\":\"Accueil\",\"item\":\"https:\/\/www.nl-images.com\/presentation\/\"},{\"@type\":\"ListItem\",\"position\":2,\"name\":\"15\u00e8me Grand Prix de Monaco Historique\"}]},{\"@type\":\"WebSite\",\"@id\":\"https:\/\/www.nl-images.com\/presentation\/#website\",\"url\":\"https:\/\/www.nl-images.com\/presentation\/\",\"name\":\"Nicolas LEROOY Photographies\",\"description\":\"Nicolas LEROOY Photographies\",\"publisher\":{\"@id\":\"https:\/\/www.nl-images.com\/presentation\/#\/schema\/person\/244d97395453885e79ce223b13ad0ed8\"},\"potentialAction\":[{\"@type\":\"SearchAction\",\"target\":{\"@type\":\"EntryPoint\",\"urlTemplate\":\"https:\/\/www.nl-images.com\/presentation\/?s={search_term_string}\"},\"query-input\":\"required name=search_term_string\"}],\"inLanguage\":\"fr-FR\"},{\"@type\":[\"Person\",\"Organization\"],\"@id\":\"https:\/\/www.nl-images.com\/presentation\/#\/schema\/person\/244d97395453885e79ce223b13ad0ed8\",\"name\":\"Nicolas LEROOY\",\"image\":{\"@type\":\"ImageObject\",\"inLanguage\":\"fr-FR\",\"@id\":\"https:\/\/www.nl-images.com\/presentation\/#\/schema\/person\/image\/\",\"url\":\"http:\/\/nl-images.com\/presentation\/wp-content\/uploads\/2023\/10\/logo_nl-images.png\",\"contentUrl\":\"http:\/\/nl-images.com\/presentation\/wp-content\/uploads\/2023\/10\/logo_nl-images.png\",\"width\":1203,\"height\":126,\"caption\":\"Nicolas LEROOY\"},\"logo\":{\"@id\":\"https:\/\/www.nl-images.com\/presentation\/#\/schema\/person\/image\/\"},\"sameAs\":[\"http:\/\/www.nl-images.com\",\"https:\/\/www.facebook.com\/racerelive\",\"https:\/\/www.nicolas_lerooy_photographe\",\"https:\/\/www.linkedin.com\/in\/nicolas-lerooy-4\"]}]}<\/script>\n<!-- \/ Yoast SEO plugin. -->","yoast_head_json":{"title":"15\u00e8me Grand Prix de Monaco Historique - Nicolas LEROOY Photographies","robots":{"index":"index","follow":"follow","max-snippet":"max-snippet:-1","max-image-preview":"max-image-preview:large","max-video-preview":"max-video-preview:-1"},"canonical":"https:\/\/www.nl-images.com\/presentation\/index.php\/15eme-grand-prix-de-monaco-historique\/","og_locale":"fr_FR","og_type":"article","og_title":"15\u00e8me Grand Prix de Monaco Historique - Nicolas LEROOY Photographies","og_description":"Retrouvez toute mes photos, class\u00e9es par reportage. (s&#8217;en incr\u00e9mentent petit \u00e0 petit) 1\/ Un formidable moment avec Jacky ICKX 2\/ Jean Alesi et la mal\u00e9diction Ferrari 3\/ \/ S\u00e9rie B &#8211; Graham Hill : F2 et F1 de 1956 \u00e0 1965 La suite arrive petit \u00e0 petit \ud83d\ude42 (merci de votre patience)","og_url":"https:\/\/www.nl-images.com\/presentation\/index.php\/15eme-grand-prix-de-monaco-historique\/","og_site_name":"Nicolas LEROOY Photographies","article_publisher":"https:\/\/www.facebook.com\/racerelive","article_modified_time":"2026-04-29T20:17:58+00:00","og_image":[{"url":"https:\/\/www.nl-images.com\/presentation\/wp-content\/uploads\/2026\/04\/c-nicolas-lerooy-nlimages-gphm26-F512-Ickx-20-1024x682.jpg"}],"twitter_card":"summary_large_image","twitter_misc":{"Dur\u00e9e de lecture estim\u00e9e":"1 minute"},"schema":{"@context":"https:\/\/schema.org","@graph":[{"@type":"WebPage","@id":"https:\/\/www.nl-images.com\/presentation\/index.php\/15eme-grand-prix-de-monaco-historique\/","url":"https:\/\/www.nl-images.com\/presentation\/index.php\/15eme-grand-prix-de-monaco-historique\/","name":"15\u00e8me Grand Prix de Monaco Historique - Nicolas LEROOY Photographies","isPartOf":{"@id":"https:\/\/www.nl-images.com\/presentation\/#website"},"datePublished":"2026-04-27T18:23:53+00:00","dateModified":"2026-04-29T20:17:58+00:00","breadcrumb":{"@id":"https:\/\/www.nl-images.com\/presentation\/index.php\/15eme-grand-prix-de-monaco-historique\/#breadcrumb"},"inLanguage":"fr-FR","potentialAction":[{"@type":"ReadAction","target":["https:\/\/www.nl-images.com\/presentation\/index.php\/15eme-grand-prix-de-monaco-historique\/"]}]},{"@type":"BreadcrumbList","@id":"https:\/\/www.nl-images.com\/presentation\/index.php\/15eme-grand-prix-de-monaco-historique\/#breadcrumb","itemListElement":[{"@type":"ListItem","position":1,"name":"Accueil","item":"https:\/\/www.nl-images.com\/presentation\/"},{"@type":"ListItem","position":2,"name":"15\u00e8me Grand Prix de Monaco Historique"}]},{"@type":"WebSite","@id":"https:\/\/www.nl-images.com\/presentation\/#website","url":"https:\/\/www.nl-images.com\/presentation\/","name":"Nicolas LEROOY Photographies","description":"Nicolas LEROOY Photographies","publisher":{"@id":"https:\/\/www.nl-images.com\/presentation\/#\/schema\/person\/244d97395453885e79ce223b13ad0ed8"},"potentialAction":[{"@type":"SearchAction","target":{"@type":"EntryPoint","urlTemplate":"https:\/\/www.nl-images.com\/presentation\/?s={search_term_string}"},"query-input":"required name=search_term_string"}],"inLanguage":"fr-FR"},{"@type":["Person","Organization"],"@id":"https:\/\/www.nl-images.com\/presentation\/#\/schema\/person\/244d97395453885e79ce223b13ad0ed8","name":"Nicolas LEROOY","image":{"@type":"ImageObject","inLanguage":"fr-FR","@id":"https:\/\/www.nl-images.com\/presentation\/#\/schema\/person\/image\/","url":"http:\/\/nl-images.com\/presentation\/wp-content\/uploads\/2023\/10\/logo_nl-images.png","contentUrl":"http:\/\/nl-images.com\/presentation\/wp-content\/uploads\/2023\/10\/logo_nl-images.png","width":1203,"height":126,"caption":"Nicolas LEROOY"},"logo":{"@id":"https:\/\/www.nl-images.com\/presentation\/#\/schema\/person\/image\/"},"sameAs":["http:\/\/www.nl-images.com","https:\/\/www.facebook.com\/racerelive","https:\/\/www.nicolas_lerooy_photographe","https:\/\/www.linkedin.com\/in\/nicolas-lerooy-4"]}]}},"_links":{"self":[{"href":"https:\/\/www.nl-images.com\/presentation\/index.php\/wp-json\/wp\/v2\/pages\/6740","targetHints":{"allow":["GET"]}}],"collection":[{"href":"https:\/\/www.nl-images.com\/presentation\/index.php\/wp-json\/wp\/v2\/pages"}],"about":[{"href":"https:\/\/www.nl-images.com\/presentation\/index.php\/wp-json\/wp\/v2\/types\/page"}],"author":[{"embeddable":true,"href":"https:\/\/www.nl-images.com\/presentation\/index.php\/wp-json\/wp\/v2\/users\/1"}],"replies":[{"embeddable":true,"href":"https:\/\/www.nl-images.com\/presentation\/index.php\/wp-json\/wp\/v2\/comments?post=6740"}],"version-history":[{"count":4,"href":"https:\/\/www.nl-images.com\/presentation\/index.php\/wp-json\/wp\/v2\/pages\/6740\/revisions"}],"predecessor-version":[{"id":6845,"href":"https:\/\/www.nl-images.com\/presentation\/index.php\/wp-json\/wp\/v2\/pages\/6740\/revisions\/6845"}],"wp:attachment":[{"href":"https:\/\/www.nl-images.com\/presentation\/index.php\/wp-json\/wp\/v2\/media?parent=6740"}],"curies":[{"name":"wp","href":"https:\/\/api.w.org\/{rel}","templated":true}]}}

15ème Grand Prix de Monaco Historique

<p>Retrouvez toute mes photos, classées par reportage. (s&#8217;en incrémentent petit à petit)</p>



<figure class="wp-block-image size-large"><img loading="lazy" decoding="async" width="1024" height="682" src="https://www.nl-images.com/presentation/wp-content/uploads/2026/04/c-nicolas-lerooy-nlimages-gphm26-F512-Ickx-20-1024x682.jpg" alt="" class="wp-image-6741" srcset="https://www.nl-images.com/presentation/wp-content/uploads/2026/04/c-nicolas-lerooy-nlimages-gphm26-F512-Ickx-20-1024x682.jpg 1024w, https://www.nl-images.com/presentation/wp-content/uploads/2026/04/c-nicolas-lerooy-nlimages-gphm26-F512-Ickx-20-300x200.jpg 300w, https://www.nl-images.com/presentation/wp-content/uploads/2026/04/c-nicolas-lerooy-nlimages-gphm26-F512-Ickx-20-768x512.jpg 768w, https://www.nl-images.com/presentation/wp-content/uploads/2026/04/c-nicolas-lerooy-nlimages-gphm26-F512-Ickx-20-1536x1024.jpg 1536w, https://www.nl-images.com/presentation/wp-content/uploads/2026/04/c-nicolas-lerooy-nlimages-gphm26-F512-Ickx-20-1194x796.jpg 1194w, https://www.nl-images.com/presentation/wp-content/uploads/2026/04/c-nicolas-lerooy-nlimages-gphm26-F512-Ickx-20-582x388.jpg 582w, https://www.nl-images.com/presentation/wp-content/uploads/2026/04/c-nicolas-lerooy-nlimages-gphm26-F512-Ickx-20-378x252.jpg 378w, https://www.nl-images.com/presentation/wp-content/uploads/2026/04/c-nicolas-lerooy-nlimages-gphm26-F512-Ickx-20-276x184.jpg 276w, https://www.nl-images.com/presentation/wp-content/uploads/2026/04/c-nicolas-lerooy-nlimages-gphm26-F512-Ickx-20-675x450.jpg 675w, https://www.nl-images.com/presentation/wp-content/uploads/2026/04/c-nicolas-lerooy-nlimages-gphm26-F512-Ickx-20-1320x880.jpg 1320w, https://www.nl-images.com/presentation/wp-content/uploads/2026/04/c-nicolas-lerooy-nlimages-gphm26-F512-Ickx-20.jpg 2000w" sizes="auto, (max-width: 1024px) 100vw, 1024px" /></figure>



<h2 class="wp-block-heading">1/ <a href="https://www.nl-images.com/presentation/index.php/15eme-gp-de-monaco-historique/">Un formidable moment avec Jacky ICKX</a></h2>



<h2 class="wp-block-heading"><a href="https://www.nl-images.com/presentation/index.php/15eme-gp-de-monaco-historique-2/">2/ Jean Alesi et la malédiction Ferrari</a></h2>



<h2 class="wp-block-heading"><a href="https://www.nl-images.com/presentation/index.php/15-gp-de-monaco-historique/">3/ / Série B &#8211; Graham Hill : F2 et F1 de 1956 à 1965</a></h2>



<p>La suite arrive petit à petit 🙂 (merci de votre patience)</p>



<p></p>

<p>Retrouvez toute mes photos, classées par reportage. (s&#8217;en incrémentent petit à petit) 1/ Un formidable moment avec Jacky ICKX 2/ Jean Alesi et la malédiction Ferrari 3/ / Série B &#8211; Graham Hill : F2 et F1 de 1956 à 1965 La suite arrive petit à petit 🙂 (merci de votre patience)</p>

<!-- This site is optimized with the Yoast SEO plugin v21.4 - https://yoast.com/wordpress/plugins/seo/ -->
<title>15ème Grand Prix de Monaco Historique - Nicolas LEROOY Photographies</title>
<meta name="robots" content="index, follow, max-snippet:-1, max-image-preview:large, max-video-preview:-1" />
<link rel="canonical" href="https://www.nl-images.com/presentation/index.php/15eme-grand-prix-de-monaco-historique/" />
<meta property="og:locale" content="fr_FR" />
<meta property="og:type" content="article" />
<meta property="og:title" content="15ème Grand Prix de Monaco Historique - Nicolas LEROOY Photographies" />
<meta property="og:description" content="Retrouvez toute mes photos, classées par reportage. (s&#8217;en incrémentent petit à petit) 1/ Un formidable moment avec Jacky ICKX 2/ Jean Alesi et la malédiction Ferrari 3/ / Série B &#8211; Graham Hill : F2 et F1 de 1956 à 1965 La suite arrive petit à petit 🙂 (merci de votre patience)" />
<meta property="og:url" content="https://www.nl-images.com/presentation/index.php/15eme-grand-prix-de-monaco-historique/" />
<meta property="og:site_name" content="Nicolas LEROOY Photographies" />
<meta property="article:publisher" content="https://www.facebook.com/racerelive" />
<meta property="article:modified_time" content="2026-04-29T20:17:58+00:00" />
<meta property="og:image" content="https://www.nl-images.com/presentation/wp-content/uploads/2026/04/c-nicolas-lerooy-nlimages-gphm26-F512-Ickx-20-1024x682.jpg" />
<meta name="twitter:card" content="summary_large_image" />
<meta name="twitter:label1" content="Durée de lecture estimée" />
	<meta name="twitter:data1" content="1 minute" />
<script type="application/ld+json" class="yoast-schema-graph">{"@context":"https://schema.org","@graph":[{"@type":"WebPage","@id":"https://www.nl-images.com/presentation/index.php/15eme-grand-prix-de-monaco-historique/","url":"https://www.nl-images.com/presentation/index.php/15eme-grand-prix-de-monaco-historique/","name":"15ème Grand Prix de Monaco Historique - Nicolas LEROOY Photographies","isPartOf":{"@id":"https://www.nl-images.com/presentation/#website"},"datePublished":"2026-04-27T18:23:53+00:00","dateModified":"2026-04-29T20:17:58+00:00","breadcrumb":{"@id":"https://www.nl-images.com/presentation/index.php/15eme-grand-prix-de-monaco-historique/#breadcrumb"},"inLanguage":"fr-FR","potentialAction":[{"@type":"ReadAction","target":["https://www.nl-images.com/presentation/index.php/15eme-grand-prix-de-monaco-historique/"]}]},{"@type":"BreadcrumbList","@id":"https://www.nl-images.com/presentation/index.php/15eme-grand-prix-de-monaco-historique/#breadcrumb","itemListElement":[{"@type":"ListItem","position":1,"name":"Accueil","item":"https://www.nl-images.com/presentation/"},{"@type":"ListItem","position":2,"name":"15ème Grand Prix de Monaco Historique"}]},{"@type":"WebSite","@id":"https://www.nl-images.com/presentation/#website","url":"https://www.nl-images.com/presentation/","name":"Nicolas LEROOY Photographies","description":"Nicolas LEROOY Photographies","publisher":{"@id":"https://www.nl-images.com/presentation/#/schema/person/244d97395453885e79ce223b13ad0ed8"},"potentialAction":[{"@type":"SearchAction","target":{"@type":"EntryPoint","urlTemplate":"https://www.nl-images.com/presentation/?s={search_term_string}"},"query-input":"required name=search_term_string"}],"inLanguage":"fr-FR"},{"@type":["Person","Organization"],"@id":"https://www.nl-images.com/presentation/#/schema/person/244d97395453885e79ce223b13ad0ed8","name":"Nicolas LEROOY","image":{"@type":"ImageObject","inLanguage":"fr-FR","@id":"https://www.nl-images.com/presentation/#/schema/person/image/","url":"http://nl-images.com/presentation/wp-content/uploads/2023/10/logo_nl-images.png","contentUrl":"http://nl-images.com/presentation/wp-content/uploads/2023/10/logo_nl-images.png","width":1203,"height":126,"caption":"Nicolas LEROOY"},"logo":{"@id":"https://www.nl-images.com/presentation/#/schema/person/image/"},"sameAs":["http://www.nl-images.com","https://www.facebook.com/racerelive","https://www.nicolas_lerooy_photographe","https://www.linkedin.com/in/nicolas-lerooy-4"]}]}</script>
<!-- / Yoast SEO plugin. -->

15ème Grand Prix de Monaco Historique - Nicolas LEROOY Photographies

Retrouvez toute mes photos, classées par reportage. (s&#8217;en incrémentent petit à petit) 1/ Un formidable moment avec Jacky ICKX 2/ Jean Alesi et la malédiction Ferrari 3/ / Série B &#8211; Graham Hill : F2 et F1 de 1956 à 1965 La suite arrive petit à petit 🙂 (merci de votre patience)
